13
Suppose 3*r + 14 = c, 0*c + 4*r = c - 17. Suppose 0*n = -c*n, -10 = -s - 3*n. Suppose -d = d - s. What are the prime factors of d?
5
Let c(a) = 10*a + 31. List the prime factors of c(7).
101
Let p be (-5)/(1 - -1 - 3). Suppose -30 = -p*v + 85. What are the prime factors of v?
23
Let x(q) = -q + 5. Let o be x(4). List the prime factors of o - (3 - (0 - -14)).
2, 3
Suppose -5*v + 7 = -5*m - 8, 3*m = 5*v - 13. Suppose 0 = v*a + 3*j - 34, -2*j = -2*a - a + 77. What are the prime factors of a?
23
Suppose -27 = -q + 64. What are the prime factors of q?
7, 13
Let q(n) = -n**3 + 2*n**2 - n + 1. Let f be q(1). Suppose 0 = 2*d - 4*d. What are the prime factors of (d - 3)/(0 - f)?
3
Let f = 9 + 0. List the prime factors of f.
3
Let j(o) be the first derivative of o**3 + 3*o**2/2 - 3*o + 2. Let c be j(-3). Let g = -8 + c. List the prime factors of g.
7
List the prime factors of (-15)/(-4) - (-3)/12.
2
Let j = 80 - -78. What are the prime factors of j?
2, 79
Suppose 0*k + 9 = 3*k. Suppose -p + k*p = -r, -p = -4*r + 18. Suppose 3*z - 48 = -4*x + r*z, -4*x + 48 = 4*z. What are the prime factors of x?
2, 3
Let d(c) = c**3 + 4*c**2 - 8*c - 4. Let t(w) = w. Let m be t(-5). What are the prime factors of d(m)?
11
Let o = -180 - -223. List the prime factors of o.
43
Suppose -3*j = 2*p - 25, -8 = p - 2*j - 3. Let l = 2 + p. List the prime factors of l.
7
Suppose 3*m + 8*f - 7*f - 351 = 0, -3*m + 351 = 3*f. List the prime factors of m.
3, 13
Let a(h) = -2*h + 7. Let m be a(7). Let k = -3 - m. Suppose -3*s + 0*j = j - 19, -k*j + 4 = 3*s. List the prime factors of s.
2
Let w(q) = q**2 - 8*q + 1. Let j be w(8). Suppose -4*a - j = 3*m - 0*a, -m - 2*a - 3 = 0. What are the prime factors of m?
5
Let n = -24 + 19. Let x = n + 11. List the prime factors of x.
2, 3
Let h(f) = -4*f + 5. Let t(p) = 5*p - 4. Let y(g) = -3*h(g) - 2*t(g). Let l be y(5). Suppose -41 = l*d - 5*d - q, 5 = q. List the prime factors of d.
2, 3
Suppose 5*x = 2*t + 610, 2*x + 5*t = 3*x - 145. List the prime factors of x.
2, 3, 5
Let v(l) = -5*l + 4. Let p(w) = -4*w + 3. Let b(x) = 2*p(x) - 3*v(x). List the prime factors of b(7).
43
Suppose -4*m - 2*n = -2*m - 44, 0 = -3*m + 4*n + 80. What are the prime factors of m?
2, 3
Let x be 4/(-6)*-3 - -1. Suppose f - 3*b = 12, x + 9 = -3*b. Suppose -g + 3 = -f*g. What are the prime factors of g?
3
Suppose 0 = f + 4*f - 5, -4*p + 21 = 5*f. Let b = -1 + p. List the prime factors of b.
3
List the prime factors of (3 - (-1 + 2))*44 + 4.
2, 23
Let q(j) be the second derivative of 0 + 3*j**2 + j - 1/6*j**3. What are the prime factors of q(-7)?
13
Suppose 10*g - 5*g + 20 = 0. Let m = g + 5. Let s = m + 8. What are the prime factors of s?
3
Suppose -6*n + n = -625. List the prime factors of n.
5
Let k = -15 - -8. Let r(z) = -z. What are the prime factors of r(k)?
7
Let k(v) = 5*v - 8. Let l be k(6). List the prime factors of (-1 - 0)*-1*l.
2, 11
Let w = 61 - 38. List the prime factors of w.
23
Let z(a) = 5*a - 29. Let k(s) = -s + 7. Let q(i) = 9*k(i) + 2*z(i). What are the prime factors of q(9)?
2, 7
Suppose 4*z - 5*p - 419 = 0, -2*z + 43 + 170 = p. List the prime factors of z.
2, 53
Suppose -2*c - 3*j = 78, 2 - 40 = c + j. Let w = -17 - c. What are the prime factors of w?
19
Let j(f) = -26*f - 6. Let l be j(-3). Suppose -h - 2*h = -l. What are the prime factors of h?
2, 3
Suppose 8*k = 7*k + 10. Suppose 0 = g - 2 - k. What are the prime factors of g?
2, 3
Let m = 12 + 22. What are the prime factors of m?
2, 17
Let l(k) be the first derivative of k**3 - k**2 - 2*k + 5. What are the prime factors of l(-1)?
3
Suppose 0 = 4*d - 9*d + 80. Let j be d + 0/(0 + -1). Suppose 5*c - 1 - 15 = 2*q, 2*q + 3*c = j. List the prime factors of q.
2
Suppose 2 + 4 = 3*z. Suppose -8 = z*r - 6*r. List the prime factors of r.
2
Let p(o) = 3 + 4*o - o - 4. Let l be p(7). Suppose 2*s - l = -2*s. What are the prime factors of s?
5
Let j(w) = 3*w**2 + w - 19. What are the prime factors of j(6)?
5, 19
Suppose -5*j = -2*j - 21. Let d = 23 - j. What are the prime factors of d?
2
Let p = -47 - -82. Suppose 0 = 5*g + 4*d - p, 5*d - 3*d - 22 = -4*g. List the prime factors of g.
3
Let k(g) = -g**3 - 9*g**2 + 12*g + 7. Let x be k(-10). List the prime factors of (2 - x/3)*3.
19
Suppose -3*z + 35 = 2*z. What are the prime factors of z?
7
Suppose 5*q - 15 = 2*q. What are the prime factors of q?
5
Let s = 56 + -33. What are the prime factors of s?
23
Suppose -2*h + 16 = -4*g + 3*h, g - 3*h = -4. Suppose 5*q + 70 = 5*p, -2*q - 4*p = 3*q + 79. Let s = g - q. List the prime factors of s.
11
Let w = -2 + 11. What are the prime factors of w?
3
Suppose 7*i = 5*i + 102. List the prime factors of i.
3, 17
Let y = -5 + 5. Let x = 23 + y. List the prime factors of 2/(-7) - x/(-7).
3
Suppose -13*v + 169 + 676 = 0. What are the prime factors of v?
5, 13
Suppose 0 = 4*l - 5 + 49. Let h(b) = -b**2 - 12*b - 5. List the prime factors of h(l).
2, 3
Let i(h) = -h + 7. List the prime factors of i(-6).
13
Suppose -4*b - 6 = -b. Let g(f) = f**3 + 4*f**2 + 4*f + 3. What are the prime factors of g(b)?
3
Suppose 3*h - 13 = 2*t - 7*t, -3*h = -5*t + 7. Suppose -t*d = -4*d. Let w(j) = -j**3 - j**2 - j + 11. List the prime factors of w(d).
11
Suppose 0*n + n + 3 = 0. List the prime factors of (-2 - n)/(1/7).
7
Let a(f) = f**2 + 14*f - 21. Let t be a(-15). What are the prime factors of 3/1 - (t + -11)?
2, 5
Suppose -k - 1 = -3. Suppose 4*m = 3*z - 72, m - 2 = -k*z + 35. What are the prime factors of z?
2, 5
Let h(g) = -2*g**2 + 12*g + 8. Let z(a) = -a**2 + 8*a + 5. Let q(y) = 5*h(y) - 8*z(y). Let x be q(-3). List the prime factors of ((-16)/x)/((-1)/(-3)).
2
Suppose -3*n = c - 27, 2*n = -0*c + 2*c + 10. Let q(z) = -z**3 + 9*z**2 - 9*z + 10. Let u be q(n). Suppose 0 = -u*i - 8 + 28. List the prime factors of i.
2, 5
Suppose -96 = -4*j + j. List the prime factors of j.
2
Let h(x) = x + 2. Let i be h(-7). Let u be 1 + i/((-5)/12). What are the prime factors of u/(2 - 4 - -3)?
13
Let k = 8 + -8. Let b = k + 1. Let n = b - -2. List the prime factors of n.
3
Let b(a) = -a**3 - 4*a**2 + 6*a + 3. Let z be b(-5). List the prime factors of (19 - z)*(2 + -1).
3, 7
Suppose 4*p + 0*q + 3*q = 1189, -5*p + 5*q = -1530. List the prime factors of p.
7, 43
Let o = -4 + 6. Suppose 4*r - 4 = o*r. Suppose -r*p = p - 30. List the prime factors of p.
2, 5
Let w(m) = -38*m + 1. What are the prime factors of w(-1)?
3, 13
Let v(g) = -g**3 - 13*g**2 - 19*g + 4. List the prime factors of v(-13).
251
Let a(h) = 3*h + 2. Let k be a(2). Suppose 4 = w - 0. Suppose w*j = k*j - 56. What are the prime factors of j?
2, 7
List the prime factors of ((-34)/(-3))/(1/3).
2, 17
Suppose 24 = 4*w - k, 2 - 5 = w + 2*k. Suppose -w*r + 8*r - 30 = 0. What are the prime factors of r?
2, 5
List the prime factors of 3472/80 + 4/(-10).
43
Suppose 0 = 4*k - 3*y - 386, 0*y + 398 = 4*k + 3*y. List the prime factors of k.
2, 7
Let g = 4 - 1. Suppose 5*z + 2 + g = 0. What are the prime factors of 0*z/2 + 2?
2
Let m = 88 + -35. List the prime factors of m.
53
Suppose -3*o + 19 = -4*v, -v + 17 + 30 = 5*o. Let w = 15 + o. What are the prime factors of w?
2, 3
Let a = 7 - 4. Suppose -5*g + 3*t = -67, 54 - 13 = a*g - t. What are the prime factors of (-4)/g - 176/(-28)?
2, 3
Let y(z) = -z**2 + 6*z + 7. Let v be y(5). Suppose -v = -5*o + 23. What are the prime factors of o?
7
Suppose -5*x = w - 56 - 6, 0 = 3*w - x - 218. List the prime factors of w.
2, 3
Suppose 0 = 5*n + 8 - 48. Suppose -l + 5*g + 12 = 0, 38 = 4*l - 2*g + n. List the prime factors of l.
7
Suppose 0 = 4*u - 20 + 84. Let n = 24 - u. What are the prime factors of n?
2, 5
Let p(r) = -7*r**2 - 7*r + 3. Let z(j) = -3*j**2 - 3*j + 2. Let b(f) = -2*p(f) + 5*z(f). Let y be b(3). What are the prime factors of y/2*(-11)/4?
11
Let y(c) = c**2 - 3*c - 2. Let d be y(-6). Let h = d - 22. Suppose 51 = 3*u - 4*n, 4*u - u = -3*n + h. What are the prime factors of u?
13
What are the prime factors of 3/(-18) - (-103)/6?
17
Let a be (-87)/(1 - (-3 - -5)). Let s = -37 + a. What are the prime factors of s?
2, 5
Suppose m + 2 = 6. Suppose 0 = -4*t + b + 158, b = -m*t + 180 - 18. What are the prime factors of t?
2, 5
Suppose -3*w = w - l - 414, 2*w + l - 204 = 0. List the prime factors of w.
103
Let p(j) = j**3 - 5*j**2 + 3. Suppose u + 20 = -4*u, 